{"id":14,"date":"2019-10-07T23:23:33","date_gmt":"2019-10-07T21:23:33","guid":{"rendered":"https:\/\/blogs.musikerohnegrenzen.de\/rebeccafichtl\/?page_id=14"},"modified":"2019-10-07T23:23:33","modified_gmt":"2019-10-07T21:23:33","slug":"wer-bin-ich","status":"publish","type":"page","link":"https:\/\/blogs.musikerohnegrenzen.de\/rebeccafichtl\/wer-bin-ich\/","title":{"rendered":"Wer bin ich?"},"content":{"rendered":"\n<p>Hey, ich bin die Rebecca, bin 18 Jahre alt und liebe die Musik. Ich versuche immer ich selbst zu sein und mich in keine Schublade stecken zu lassen (beispielsweise wegen meinen Dreadlocks). Ich passe in viele Schubladen, aber in keine Schublade passe ich zu 100%, so wieder jedeR Andere.<\/p>\n\n\n\n<div class=\"wp-block-image\"><figure class=\"alignright is-resized\"><img loading=\"lazy\" src=\"https:\/\/blogs.musikerohnegrenzen.de\/rebeccafichtl\/wp-content\/uploads\/sites\/41\/2019\/10\/P1070008k-1024x768.jpg\" alt=\"\" class=\"wp-image-24\" width=\"251\" height=\"189\" srcset=\"https:\/\/blogs.musikerohnegrenzen.de\/rebeccafichtl\/wp-content\/uploads\/sites\/41\/2019\/10\/P1070008k-1024x768.jpg 1024w, https:\/\/blogs.musikerohnegrenzen.de\/rebeccafichtl\/wp-content\/uploads\/sites\/41\/2019\/10\/P1070008k-300x225.jpg 300w, https:\/\/blogs.musikerohnegrenzen.de\/rebeccafichtl\/wp-content\/uploads\/sites\/41\/2019\/10\/P1070008k-768x576.jpg 768w\" sizes=\"(max-width: 251px) 100vw, 251px\" \/><figcaption><em>Auf dem Herzberg-Festival &#8211; einfach mal entspannen<\/em><\/figcaption><\/figure><\/div>\n\n\n\n<p>Dieses Jahr habe ich mein Abitur geschrieben. <br>Ich spiele Klavier, Gitarre, Ukulele und singe auch sehr gerne. <br>Mein bisheriges Spiel auf dem Klavier findet ihr auch hier: <br><a href=\"https:\/\/www.youtube.com\/channel\/UCJs1MRQjx3276EqBt-OGzJQ\"><em>https:\/\/www.youtube.com\/channel\/UCJs1MRQjx3276EqBt-OGzJQ<\/em><\/a><br>Neben der Musik schreibe ich Texte, zeichne und male, gestalte und lasse auch gerne einfach mal die Seele in drau\u00dfen in der Natur baumeln. Au\u00dferdem treffe ich mich gerne mit Freunden oder gehe auf Festivals und Konzerte. <\/p>\n\n\n\n<p>Das kommende Jahr werde ich mit Musiker ohne Grenzen nach Jamaika und nach Ecuador reisen. Warum? Naja, Musik und Reisen geh\u00f6ren zu meinen gr\u00f6\u00dften Leidenschaften. Als ich Musiker ohne Grenzen im Internet entdeckte, wusste ich, das ist genau das richtige f\u00fcr mich. <\/p>\n\n\n\n<div class=\"wp-block-image\"><figure class=\"alignleft is-resized\"><img loading=\"lazy\" src=\"https:\/\/blogs.musikerohnegrenzen.de\/rebeccafichtl\/wp-content\/uploads\/sites\/41\/2019\/10\/GtAGbf6y-683x1024.jpeg\" alt=\"\" class=\"wp-image-18\" width=\"160\" height=\"240\" srcset=\"https:\/\/blogs.musikerohnegrenzen.de\/rebeccafichtl\/wp-content\/uploads\/sites\/41\/2019\/10\/GtAGbf6y-683x1024.jpeg 683w, https:\/\/blogs.musikerohnegrenzen.de\/rebeccafichtl\/wp-content\/uploads\/sites\/41\/2019\/10\/GtAGbf6y-200x300.jpeg 200w, https:\/\/blogs.musikerohnegrenzen.de\/rebeccafichtl\/wp-content\/uploads\/sites\/41\/2019\/10\/GtAGbf6y-768x1152.jpeg 768w, https:\/\/blogs.musikerohnegrenzen.de\/rebeccafichtl\/wp-content\/uploads\/sites\/41\/2019\/10\/GtAGbf6y.jpeg 1000w\" sizes=\"(max-width: 160px) 100vw, 160px\" \/><figcaption><em>Ein kleiner Gig mit meiner Band in Backnang<\/em><\/figcaption><\/figure><\/div>\n\n\n\n<p>Ich wollte schon immer nach dem Abitur reisen gehen. Aber so ein &#8222;normales&#8220; Work and Travel (beispielsweise in Australien), wollte ich dann auch nicht machen. Schlie\u00dflich will ich nach meinem Auslandsjahr Musik studieren. Aber dann sollte ich nicht ein Jahr fast nie ein Klavier zu H\u00e4nden bekommen haben. Deswegen ist Musiker ohne Grenzen perfekt &#8211; Ich kann reisen und dabei ist die Musik mein st\u00e4ndiger Begleiter. Besser geht&#8217;s doch nicht oder? \ud83d\ude00<\/p>\n\n\n\n<p>Ich bin schon sehr gespannt und voller Vorfreude, was mich in dieser Zeit erwarten wird.<\/p>\n\n\n\n<p>Hier werde ich &#8211; so der Plan &#8211; regelm\u00e4\u00dfig berichten, was gerade so ab geht und was mich besch\u00e4ftigt.  <\/p>\n","protected":false},"excerpt":{"rendered":"<p>Hey, ich bin die Rebecca, bin 18 Jahre alt und liebe die Musik. Ich versuche immer ich selbst zu sein und mich in keine Schublade stecken zu lassen (beispielsweise wegen meinen Dreadlocks). Ich passe in viele Schubladen, aber in keine &hellip; <a href=\"https:\/\/blogs.musikerohnegrenzen.de\/rebeccafichtl\/wer-bin-ich\/\">Weiterlesen <span class=\"meta-nav\">&rarr;<\/span><\/a><\/p>\n","protected":false},"author":46,"featured_media":0,"parent":0,"menu_order":0,"comment_status":"closed","ping_status":"closed","template":"","meta":{"ngg_post_thumbnail":0},"_links":{"self":[{"href":"https:\/\/blogs.musikerohnegrenzen.de\/rebeccafichtl\/wp-json\/wp\/v2\/pages\/14"}],"collection":[{"href":"https:\/\/blogs.musikerohnegrenzen.de\/rebeccafichtl\/wp-json\/wp\/v2\/pages"}],"about":[{"href":"https:\/\/blogs.musikerohnegrenzen.de\/rebeccafichtl\/wp-json\/wp\/v2\/types\/page"}],"author":[{"embeddable":true,"href":"https:\/\/blogs.musikerohnegrenzen.de\/rebeccafichtl\/wp-json\/wp\/v2\/users\/46"}],"replies":[{"embeddable":true,"href":"https:\/\/blogs.musikerohnegrenzen.de\/rebeccafichtl\/wp-json\/wp\/v2\/comments?post=14"}],"version-history":[{"count":9,"href":"https:\/\/blogs.musikerohnegrenzen.de\/rebeccafichtl\/wp-json\/wp\/v2\/pages\/14\/revisions"}],"predecessor-version":[{"id":29,"href":"https:\/\/blogs.musikerohnegrenzen.de\/rebeccafichtl\/wp-json\/wp\/v2\/pages\/14\/revisions\/29"}],"wp:attachment":[{"href":"https:\/\/blogs.musikerohnegrenzen.de\/rebeccafichtl\/wp-json\/wp\/v2\/media?parent=14"}],"curies":[{"name":"wp","href":"https:\/\/api.w.org\/{rel}","templated":true}]}}