{"id":690,"date":"2016-08-29T20:14:30","date_gmt":"2016-08-29T18:14:30","guid":{"rendered":"http:\/\/naomiinecuador.musikerohnegrenzen.de\/?page_id=690"},"modified":"2016-08-29T20:14:30","modified_gmt":"2016-08-29T18:14:30","slug":"ueber-mich","status":"publish","type":"page","link":"https:\/\/blogs.musikerohnegrenzen.de\/naomimebus\/","title":{"rendered":"\u00dcber mich"},"content":{"rendered":"<div>Ich hei\u00dfe Naomi und bin inzwischen 20 Jahre alt.<img data-attachment-id=\"698\" data-permalink=\"https:\/\/blogs.musikerohnegrenzen.de\/naomimebus\/ueber-mich\/img_2595\/\" data-orig-file=\"https:\/\/i2.wp.com\/blogs.musikerohnegrenzen.de\/naomimebus\/wp-content\/uploads\/sites\/4\/2016\/08\/IMG_2595.jpg?fit=1280%2C960&amp;ssl=1\" data-orig-size=\"1280,960\" data-comments-opened=\"1\" data-image-meta=\"{&quot;aperture&quot;:&quot;2.4&quot;,&quot;credit&quot;:&quot;&quot;,&quot;camera&quot;:&quot;iPad mini&quot;,&quot;caption&quot;:&quot;&quot;,&quot;created_timestamp&quot;:&quot;1438121373&quot;,&quot;copyright&quot;:&quot;&quot;,&quot;focal_length&quot;:&quot;2.18&quot;,&quot;iso&quot;:&quot;1000&quot;,&quot;shutter_speed&quot;:&quot;0.0666666666667&quot;,&quot;title&quot;:&quot;&quot;,&quot;orientation&quot;:&quot;1&quot;}\" data-image-title=\"IMG_2595\" data-image-description=\"\" data-image-caption=\"\" data-medium-file=\"https:\/\/i2.wp.com\/blogs.musikerohnegrenzen.de\/naomimebus\/wp-content\/uploads\/sites\/4\/2016\/08\/IMG_2595.jpg?fit=300%2C225&amp;ssl=1\" data-large-file=\"https:\/\/i2.wp.com\/blogs.musikerohnegrenzen.de\/naomimebus\/wp-content\/uploads\/sites\/4\/2016\/08\/IMG_2595.jpg?fit=1024%2C768&amp;ssl=1\" loading=\"lazy\" class=\"alignright wp-image-698\" src=\"https:\/\/i2.wp.com\/blogs.musikerohnegrenzen.de\/naomimebus\/wp-content\/uploads\/sites\/4\/2016\/08\/IMG_2595.jpg?resize=351%2C264&#038;ssl=1\" alt=\"IMG_2595\" width=\"351\" height=\"264\" srcset=\"https:\/\/i2.wp.com\/blogs.musikerohnegrenzen.de\/naomimebus\/wp-content\/uploads\/sites\/4\/2016\/08\/IMG_2595.jpg?resize=300%2C225&amp;ssl=1 300w, https:\/\/i2.wp.com\/blogs.musikerohnegrenzen.de\/naomimebus\/wp-content\/uploads\/sites\/4\/2016\/08\/IMG_2595.jpg?resize=768%2C576&amp;ssl=1 768w, https:\/\/i2.wp.com\/blogs.musikerohnegrenzen.de\/naomimebus\/wp-content\/uploads\/sites\/4\/2016\/08\/IMG_2595.jpg?resize=1024%2C768&amp;ssl=1 1024w, https:\/\/i2.wp.com\/blogs.musikerohnegrenzen.de\/naomimebus\/wp-content\/uploads\/sites\/4\/2016\/08\/IMG_2595.jpg?w=1280&amp;ssl=1 1280w\" sizes=\"(max-width: 351px) 100vw, 351px\" data-recalc-dims=\"1\" \/><\/div>\n<div>Im September 2014 bin ich das erste Mal mit Geige<\/div>\n<div>und Steiffmaus Piff\u00a0 im Gep\u00e4ck nach Ecuador gereist.<\/div>\n<div>Dort habe ich in einem Projekt von Musiker ohne<\/div>\n<div>Grenzen an der Musikschule Clave de Sur<\/div>\n<div>Geigenunterricht gegeben. Das Projekt befindet sich<\/div>\n<div>in der gr\u00f6\u00dften Stadt Ecuadors &#8211; Guayaquil.<\/div>\n<div>Guayaquil beherbergt etwa 3 Millionen Einwohner.<\/div>\n<div>Die Stadt ist laut, chaotisch, schmutzig und unglaublich<\/div>\n<div>hei\u00df. Mit dem Bus etwa eineinhalb Stunden vom Zentrum<\/div>\n<div>entfernt liegt das Viertel Guasmo Sur. Fr\u00fcher lebten hier<\/div>\n<div>die \u00c4rmsten der Stadt und das Viertel war als sozialer<\/div>\n<div>Brennpunkt bekannt. Bandenkrieg, Schie\u00dfereien und<\/div>\n<div>Drogenhandel standen an der Tagesordnung. Heute<\/div>\n<div>ist das Viertel etwas ruhiger geworden. Kinder spielen<\/div>\n<div>auf den Stra\u00dfen und H\u00fchner laufen durch die Hinterh\u00f6fe.<\/div>\n<div>Aus allen Ecken dringt Musik! Hier ist es nie still. Man ist<\/div>\n<div>nie alleine, hat nie seine Ruhe.<\/div>\n<div>In diesem Viertel hat Musiker ohne Grenzen vor 10<\/div>\n<div>Jahren seine erste Musikschule er\u00f6ffnet.<\/div>\n<div>\u00a0<img data-attachment-id=\"697\" data-permalink=\"https:\/\/blogs.musikerohnegrenzen.de\/naomimebus\/ueber-mich\/12176358_10207023597780343_2057855362_o\/\" data-orig-file=\"https:\/\/i1.wp.com\/blogs.musikerohnegrenzen.de\/naomimebus\/wp-content\/uploads\/sites\/4\/2016\/08\/12176358_10207023597780343_2057855362_o.jpg?fit=2048%2C1365&amp;ssl=1\" data-orig-size=\"2048,1365\" data-comments-opened=\"1\" data-image-meta=\"{&quot;aperture&quot;:&quot;0&quot;,&quot;credit&quot;:&quot;&quot;,&quot;camera&quot;:&quot;&quot;,&quot;caption&quot;:&quot;&quot;,&quot;created_timestamp&quot;:&quot;0&quot;,&quot;copyright&quot;:&quot;&quot;,&quot;focal_length&quot;:&quot;0&quot;,&quot;iso&quot;:&quot;0&quot;,&quot;shutter_speed&quot;:&quot;0&quot;,&quot;title&quot;:&quot;&quot;,&quot;orientation&quot;:&quot;0&quot;}\" data-image-title=\"12176358_10207023597780343_2057855362_o\" data-image-description=\"\" data-image-caption=\"\" data-medium-file=\"https:\/\/i1.wp.com\/blogs.musikerohnegrenzen.de\/naomimebus\/wp-content\/uploads\/sites\/4\/2016\/08\/12176358_10207023597780343_2057855362_o.jpg?fit=300%2C200&amp;ssl=1\" data-large-file=\"https:\/\/i1.wp.com\/blogs.musikerohnegrenzen.de\/naomimebus\/wp-content\/uploads\/sites\/4\/2016\/08\/12176358_10207023597780343_2057855362_o.jpg?fit=1024%2C683&amp;ssl=1\" loading=\"lazy\" class=\"alignleft wp-image-697\" src=\"https:\/\/i1.wp.com\/blogs.musikerohnegrenzen.de\/naomimebus\/wp-content\/uploads\/sites\/4\/2016\/08\/12176358_10207023597780343_2057855362_o.jpg?resize=491%2C327&#038;ssl=1\" alt=\"12176358_10207023597780343_2057855362_o\" width=\"491\" height=\"327\" srcset=\"https:\/\/i1.wp.com\/blogs.musikerohnegrenzen.de\/naomimebus\/wp-content\/uploads\/sites\/4\/2016\/08\/12176358_10207023597780343_2057855362_o.jpg?resize=1024%2C683&amp;ssl=1 1024w, https:\/\/i1.wp.com\/blogs.musikerohnegrenzen.de\/naomimebus\/wp-content\/uploads\/sites\/4\/2016\/08\/12176358_10207023597780343_2057855362_o.jpg?resize=300%2C200&amp;ssl=1 300w, https:\/\/i1.wp.com\/blogs.musikerohnegrenzen.de\/naomimebus\/wp-content\/uploads\/sites\/4\/2016\/08\/12176358_10207023597780343_2057855362_o.jpg?resize=768%2C512&amp;ssl=1 768w, https:\/\/i1.wp.com\/blogs.musikerohnegrenzen.de\/naomimebus\/wp-content\/uploads\/sites\/4\/2016\/08\/12176358_10207023597780343_2057855362_o.jpg?w=2048&amp;ssl=1 2048w\" sizes=\"(max-width: 491px) 100vw, 491px\" data-recalc-dims=\"1\" \/><\/div>\n<div><\/div>\n<div><\/div>\n<div><\/div>\n<div><\/div>\n<div><\/div>\n<div><\/div>\n<div><\/div>\n<div><\/div>\n<div><\/div>\n<div><\/div>\n<div><\/div>\n<div>Seitdem ich im September 2014 um die halbe Welt gereist bin, ist Ecuador nicht mehr einfach nur ein Land, sondern auch mein Land und Teil meines Lebens geworden. Meine Reise, meine Hoffnungen,<\/div>\n<div>Schwieigkeiten und Tr\u00e4ume k\u00f6nnt ihr in meinem Blog mit bzw. zur\u00fcckverfolgen.<\/div>\n<div><\/div>\n<div><\/div>\n<p>&nbsp;<\/p>\n","protected":false},"excerpt":{"rendered":"<p>Ich hei\u00dfe Naomi und bin inzwischen 20 Jahre alt. Im September 2014 bin ich das erste Mal mit Geige und Steiffmaus Piff\u00a0 im Gep\u00e4ck nach Ecuador gereist. Dort habe ich in einem Projekt von Musiker ohne Grenzen an der Musikschule Clave de Sur Geigenunterricht gegeben. Das Projekt befindet sich in der gr\u00f6\u00dften Stadt Ecuadors &#8211; [&hellip;]<\/p>\n","protected":false},"author":4,"featured_media":246,"parent":0,"menu_order":0,"comment_status":"closed","ping_status":"closed","template":"","meta":{"ngg_post_thumbnail":0,"spay_email":""},"tags":[],"jetpack_shortlink":"https:\/\/wp.me\/P905Jg-b8","jetpack-related-posts":[{"id":812,"url":"https:\/\/blogs.musikerohnegrenzen.de\/naomimebus\/beispiel-seite-2\/12-tipps-fuer-ecuadorreisende\/","url_meta":{"origin":690,"position":0},"title":"12 Tipps f\u00fcr Ecuadorreisende","date":"11. Oktober 2016","format":false,"excerpt":"1. Informiert euch weit im Voraus \u00fcber das Visum, das ihr bei eurer Reise ben\u00f6tigen werdet. Wenn ihr nur als Tourist einreisen wollt, k\u00f6nnt ihr einfach einreisen und 90 Tage visafrei von Ecuadors Sch\u00f6nheit profitieren. Es besteht auch die M\u00f6glichkeit das Visum vor Ort zu verl\u00e4ngern, wovon ich aber abraten\u2026","rel":"","context":"\u00c4hnlicher Beitrag","img":{"alt_text":"","src":"","width":0,"height":0},"classes":[]},{"id":2,"url":"https:\/\/blogs.musikerohnegrenzen.de\/naomimebus\/beispiel-seite\/","url_meta":{"origin":690,"position":1},"title":"Beispiel-Seite","date":"21. Juli 2017","format":false,"excerpt":"Dies ist ein Beispiel einer statischen Seite. Du kannst sie bearbeiten und beispielsweise Infos \u00fcber dich oder deine Website eingeben, damit die Leser wissen, woher du kommst und was du machst. Du kannst entweder beliebig viele Hauptseiten (wie diese hier) anlegen \u2013 oder auch Unterseiten, die sich in der Hierachiestruktur\u2026","rel":"","context":"\u00c4hnlicher Beitrag","img":{"alt_text":"","src":"","width":0,"height":0},"classes":[]}],"jetpack_likes_enabled":true,"_links":{"self":[{"href":"https:\/\/blogs.musikerohnegrenzen.de\/naomimebus\/wp-json\/wp\/v2\/pages\/690"}],"collection":[{"href":"https:\/\/blogs.musikerohnegrenzen.de\/naomimebus\/wp-json\/wp\/v2\/pages"}],"about":[{"href":"https:\/\/blogs.musikerohnegrenzen.de\/naomimebus\/wp-json\/wp\/v2\/types\/page"}],"author":[{"embeddable":true,"href":"https:\/\/blogs.musikerohnegrenzen.de\/naomimebus\/wp-json\/wp\/v2\/users\/4"}],"replies":[{"embeddable":true,"href":"https:\/\/blogs.musikerohnegrenzen.de\/naomimebus\/wp-json\/wp\/v2\/comments?post=690"}],"version-history":[{"count":0,"href":"https:\/\/blogs.musikerohnegrenzen.de\/naomimebus\/wp-json\/wp\/v2\/pages\/690\/revisions"}],"wp:featuredmedia":[{"embeddable":true,"href":"https:\/\/blogs.musikerohnegrenzen.de\/naomimebus\/wp-json\/wp\/v2\/media\/246"}],"wp:attachment":[{"href":"https:\/\/blogs.musikerohnegrenzen.de\/naomimebus\/wp-json\/wp\/v2\/media?parent=690"}],"wp:term":[{"taxonomy":"post_tag","embeddable":true,"href":"https:\/\/blogs.musikerohnegrenzen.de\/naomimebus\/wp-json\/wp\/v2\/tags?post=690"}],"curies":[{"name":"wp","href":"https:\/\/api.w.org\/{rel}","templated":true}]}}